+ x + 336 = 0. Is s a composite number?
True
Let j = -12 + 12. Let c(d) = d + 79. Is c(j) a composite number?
False
Let w(r) be the first derivative of r**3/3 - 3*r**2 + 7*r - 4. Is w(10) a composite number?
False
Let f(p) = 3*p - p**3 + 8*p**2 - 9 + 4*p**3 - 2*p**3. Let l be (-29)/4 + (-3)/(-12). Is f(l) a composite number?
False
Let o = -1848 + 3101. Is o a composite number?
True
Let d(m) = -60*m**2 - m - 1. Let x(b) = 59*b**2 + b + 1. Let a(k) = -3*d(k) - 2*x(k). Is a(2) a prime number?
True
Let a(t) = -3 + 0*t + 12*t**2 - 3*t + 0*t. Let c = -3 + 1. Is a(c) a prime number?
False
Suppose 0 = -2*s - 4, 3*u = 4*u + 5*s - 10. Let g = -10 + u. Is g a prime number?
False
Let f = 283 - 149. Suppose 5*u - 4*u = f. Suppose 2*p - u = -3*s - s, -3*s + 5*p + 120 = 0. Is s prime?
False
Let x = -19 - -67. Let n be 0/2 + 2 + 31. Let k = x - n. Is k a prime number?
False
Let k(r) = r**3 - 12 - 10*r - 2*r - 5*r**2 - 1. Suppose -x - 2*d = -11, x - 2*d - 5 = 2. Is k(x) a composite number?
True
Let j = -14 + 21. Let g = j - -4. Is g prime?
True
Let i(x) = 5*x**2 + x. Let k(l) = l**2 - 6*l + 4. Let s be k(5). Let t be i(s). Suppose -t*j - j = -325. Is j prime?
False
Let a(v) = -77*v**3 - 3*v. Is a(-2) a composite number?
True
Let v = -903 + 1565. Suppose -5*f + v = 187. Suppose -2*p + f + 43 = 4*r, 0 = -p - r + 73. Is p a prime number?
False
Let j be -1 + (0 - -27) - -1. Suppose b = -2*b - 3*x + j, 4*b = -2*x + 42. Suppose -b = -3*i + 9. Is i a composite number?
False
Let d(f) = f**2 - 2*f + 789. Is d(0) composite?
True
Let y(q) = -5*q - 1. Let x be y(-1). Suppose -4*h - 101 - 114 = -5*m, -2*h - 172 = -x*m. Let t = m - 22. Is t composite?
True
Let y be (-4)/(-14) - 2796/(-14). Let g = y + -117. Is g composite?
False
Let z(h) be the third derivative of -h**4/24 + 4*h**3/3 - h**2. Let r be z(6). Suppose -2*d + 18 = r*a, a - 3*d + 7 = -4. Is a composite?
True
Let w = 132 - 77. Is w a prime number?
False
Suppose 3*c - 4*m - 993 - 276 = 0, -3*c - 3*m + 1248 = 0. Is c composite?
False
Let p(c) = -2*c**2 - 4*c + 18. Let d(s) = -s**2 - 2*s + 9. Let m(i) = -5*d(i) + 2*p(i). Is m(-12) composite?
True
Suppose -5*z - 256 = -4*u, -2*u + 7*u - 311 = 4*z. Let p be (-12)/(2/(-2 - -12)). Let j = u - p. Is j a prime number?
False
Suppose 0 = 7*q - 3*q - 508. Is q a composite number?
False
Let d = -22 - -111. Is d prime?
True
Suppose -3*n = -0*n - 3411. Suppose 0 = -5*f + 2*f + n. Is f a prime number?
True
Let h(x) = x**3 + 4*x**2 - x + 3. Let p be h(-4). Suppose -4*z + 25 = -p. Suppose 0 = 4*t + z, 3*f + 2*t - 154 = -5. Is f composite?
True
Suppose 2*b = 4, 5*f + 0*f - 3*b - 709 = 0. Is f composite?
True
Suppose 0 = 5*m - 144 + 514. Is 4/(-16)*(m - 2) a prime number?
True
Is 2/4 + (-180)/(-8) a prime number?
True
Is (-764)/(-2) - (-6 - -9) a composite number?
False
Let u be (-4)/(-2) - 1*-2. Let g be -1 + (-8)/(u/(-2)). Suppose -1165 = -g*n - 2*n. Is n a prime number?
True
Is (1/(2/39))/6*236 a prime number?
False
Suppose -4*q - 136 = -4*z, -z + 110 = 2*z + q. Suppose 29 = r - v, -2*r - 52 = -4*r + 5*v. Suppose z = u - r. Is u composite?
False
Suppose 2*k - 2*l + 4 + 4 = 0, 0 = -4*k - l + 4. Is 3 + (70 + k - -1) prime?
False
Suppose 0 = 3*j - 0*j. Suppose -4*n - 6 + 18 = j. Suppose l + n = 6. Is l prime?
True
Is 2 + -1 - (-18 + -40) composite?
False
Is (-4)/(-6) - (-1137)/9 a composite number?
False
Suppose h = -9 + 3. Let x be (2/h)/(2/(-12)). Suppose 0*y - x = -y. Is y a composite number?
False
Suppose 0 = -4*r - 3*f - 55, -2*r + 2*f + 42 = -5*r. Suppose -5*a - 529 = x + 2*x, -2*a - 223 = 5*x. Is a/r - 1/(-2) a composite number?
False
Suppose 0 = 2*c - 7 - 19. Let n = 50 - c. Is n prime?
True
Let c(j) = 5*j**2 + 3*j + 2. Let q be c(-5). Is (-1)/3 - q/(-3) composite?
False
Let l(g) = g + 7. Let u be l(-5). Suppose -322 + 19 = -5*o + a, 4*a = -5*o + 313. Let s = o - u. Is s composite?
False
Suppose -m - 2*m + 31 = c, -2*m = 2*c - 62. Suppose 5*k - 81 = -c. Is k a prime number?
False
Let p = 13 + -15. Is (p - -11 - -1) + 3 a prime number?
True
Suppose 0 = j - 18 - 139. Is j a prime number?
True
Let q(m) = 13 - 7 - 7 + 4*m**3 + m**2 + 17*m**3. Suppose 4*u - 3 = 1. Is q(u) a prime number?
False
Let q(c) = 7*c**3 - 2*c**2 - 4*c + 2. Is q(3) a prime number?
False
Is 4010/6 - (-2)/3 a composite number?
True
Suppose -4*v - 316 = -8*v. Is v a prime number?
True
Let a be 12/(-2) + 0/2. Let d(h) = -h**3 + 7*h**2 - 7*h + 5. Let t(m) = m**3 - m**2 + 1. Let z(n) = d(n) + 2*t(n). Is z(a) a composite number?
False
Suppose 0 = 4*t - 5114 - 1562. Is t prime?
True
Let h(o) = 2 + 9*o + 3 + 29*o - 4. Is h(3) a prime number?
False
Let b be (-1 + 1)*-1 + 8. Let a = -2 + b. Is a composite?
True
Is ((-130)/15)/((-1)/3) prime?
False
Let y(g) = -4*g**3 + g**2 - 9*g + 5. Let i(j) = -3*j**3 + j**2 - 8*j + 5. Let o(h) = -3*i(h) + 2*y(h). Is o(4) a composite number?
False
Let u(x) = x**2 + 8*x - 2. Let v be u(-9). Suppose -8*s - v = -9*s. Is s prime?
True
Suppose 128 = 8*c - 56. Suppose 37 = p - 33. Let n = p - c. Is n prime?
True
Is (-120342)/(-90) - 4/30 a prime number?
False
Suppose 0 = -a + 48 + 206. Let v = -123 + a. Is v prime?
True
Let z be (-1 - 1)*37/(-2). Let w = 69 - z. Is 6/(-15) + w/5 prime?
False
Let j be (2 + -1)*(-170)/(-2). Suppose m + j = 2*m. Is m prime?
False
Let f be ((-11)/(-3))/(1/(-15)). Let z = 77 + f. Is z composite?
True
Suppose -5*z + 32 = -2*x - 2*x, 3*z - 3*x - 21 = 0. Let k be z/2 - 0 - 5. Is ((-1)/k)/((-2)/(-12)) a prime number?
True
Let u(g) = g**2 - 5*g + 9. Let h be u(7). Let x = -19 - h. Is (-5)/(10/x) - 2 prime?
True
Suppose 166 + 41 = 3*b. Is b prime?
False
Let r be (10/(-4) - -3)*8. Suppose -n + r = n. Suppose n*u - u = 51. Is u composite?
True
Let f(a) = -62*a + 17. Is f(-6) composite?
False
Let x(a) = 3*a - 8. Let l be x(6). Suppose g = -4*g + l. Suppose r + 17 = 4*z, -z - 2*r = 5 + g. Is z composite?
False
Suppose 5*b + 368 = -f + 2*f, f + b = 356. Suppose -3*q - 5*m = -7*q + f, -4*m = 3*q - 253. Is q a prime number?
False
Suppose 0 = -3*r + r + 106. Is r a composite number?
False
Suppose -4*x + 592 = -0*x. Let b = -129 + 90. Let j = b + x. Is j composite?
False
Let k be 1 + -7 + (-2)/2. Let i(h) = -h**3 - 6*h**2 + 2*h. Is i(k) prime?
False
Suppose -5*s = -0*s + 2*f + 40, -32 = 2*s + 4*f. Let z be (-2)/6 + 4/s. Is 226/12 + z/(-6) composite?
False
Let v be (-4 - 2)*(-1)/(-1). Let y = v - -6. Suppose g + i - 31 = 24, y = 2*g + 3*i - 106. Is g prime?
True
Let w = 10 - 6. Suppose 2*t - w*t + 254 = 0. Is t composite?
False
Let n be (1 - -5) + 0 + 0. Let y(a) = -a**3 - 3 + 2 + 2*a - a**2 + 8*a**2. Is y(n) a prime number?
True
Suppose 30 = -2*z + 7*z. Let k(m) = m**3 - 4*m**2 - 4*m + 5. Is k(z) a prime number?
True
Let p = -277 - -1700. Is p composite?
False
Suppose r = 3*i + 3*r - 751, 716 = 3*i - 5*r. Is i a prime number?
False
Is ((-889)/4)/(18/(-72)) composite?
True
Suppose -3*o + 11 = -5*p - 8, 3*o - p - 11 = 0. Let i = o - 0. Suppose -2*b = -c - 34, -25 = -i*b - 2*c - 3*c. Is b a prime number?
False
Suppose -5*v - 6 = 19, -5*v - 1603 = -3*u. Is u prime?
False
Let m(t) = -t**2 - 6*t + 10. Let x be m(-7). Is (-11)/(-3)*(x - -6) a composite number?
True
Let y(z) = -z**3 + 13*z**2 - 2*z + 18. Let d be y(13). Is (-2886)/d + 11/44 prime?
False
Let h(w) = -315*w + 53. Is h(-10) composite?
False
Let v be (4/(-10))/(4/(-120)). Suppose 4*f = -4 + v. Suppose 0*s + f*s - 30 = 0. Is s composite?
True
Let b(k) = 88*k - 23. Is b(7) a prime number?
True
Suppose f = 5*b - f + 244, 2*b - 4*f = -88. Let o = 60 + -141. Let z = b - o. Is z composite?
False
Suppose -3*w + 312 = -954. Suppose 3*v = v + w. Is v composite?
False
Let s(r) be the third derivative of 3*r**6/10 - r**5/60 - r**4/6 - 2*r**3/3 - 2*r**2. Let o(n) = n + 1. Let p(l) = -5*o(l) - s(l). Is p(-1) a composite number?
False
Suppose -3*i = 3*j, 2*j + 6*i - 1 = 3*i. Let g(c) be the third derivative of -5*c**4/8 - c**2. Is g(j) composite?
True
Suppose 8*l - 75 = 3*l. Is l a composite number?
True
Suppose -2*v = -5*b + 16, -4*v + v + 14 = 2*b. Is b/12 + (-352)/(-6) prime?
True
Let t = 172 + -57. Is t a prime number?
False
Let t be (-16)/(-10) + (-2)/(-5). Suppose -x + 2*r = 3*r - 26, t*x + 5*r - 40 = 0. Suppose 2*p - 5*a = x, -2*p = -p - 4*a - 9. Is p prime?
False
Suppose -x - 5*u = -4*x + 1999, 677 = x + u. Is x a composit